nder when 6363563 is divided by 61188.
11
Calculate the remainder when 34670 is divided by 33015.
1655
What is the remainder when 6458065 is divided by 18?
7
Calculate the remainder when 3658296 is divided by 3752.
96
Calculate the remainder when 79482 is divided by 8167.
5979
What is the remainder when 15565188 is divided by 49729?
11
What is the remainder when 1393123 is divided by 2519?
116
What is the remainder when 79176 is divided by 1364?
64
What is the remainder when 20518720 is divided by 6839556?
52
Calculate the remainder when 566676 is divided by 80774.
1258
What is the remainder when 1087048 is divided by 6024?
2728
What is the remainder when 262137 is divided by 65524?
41
What is the remainder when 1281651 is divided by 40051?
19
Calculate the remainder when 3128456 is divided by 660.
56
What is the remainder when 170223 is divided by 131?
54
What is the remainder when 11448974 is divided by 80?
14
Calculate the remainder when 65496 is divided by 21276.
1668
What is the remainder when 6917154 is divided by 2411?
2406
Calculate the remainder when 524816137 is divided by 133.
132
Calculate the remainder when 69941538 is divided by 11.
7
Calculate the remainder when 1366512 is divided by 12303.
879
What is the remainder when 73991972 is divided by 36995981?
10
Calculate the remainder when 293363 is divided by 2871.
521
Calculate the remainder when 1197114 is divided by 27.
15
What is the remainder when 34252768 is divided by 156?
4
Calculate the remainder when 1212859 is divided by 890.
679
What is the remainder when 16291 is divided by 815?
806
Calculate the remainder when 2982741 is divided by 624.
21
Calculate the remainder when 22267 is divided by 6512.
2731
What is the remainder when 3620056 is divided by 905009?
20
What is the remainder when 3424718 is divided by 14?
10
Calculate the remainder when 4961841 is divided by 4961833.
8
What is the remainder when 117066 is divided by 121?
59
What is the remainder when 50181 is divided by 10021?
76
What is the remainder when 9624657 is divided by 161?
77
Calculate the remainder when 2684416 is divided by 273.
7
Calculate the remainder when 160550 is divided by 2815.
95
Calculate the remainder when 152029 is divided by 749.
731
Calculate the remainder when 8951614 is divided by 1635.
1624
Calculate the remainder when 1624218 is divided by 2654.
2624
Calculate the remainder when 77819626 is divided by 134636.
18
What is the remainder when 97911 is divided by 32585?
156
What is the remainder when 5736499 is divided by 1147296?
19
What is the remainder when 90429697 is divided by 30143227?
16
What is the remainder when 127484400 is divided by 1506?
1500
Calculate the remainder when 28154989 is divided by 7038746.
5
What is the remainder when 68205 is divided by 173?
43
What is the remainder when 72083 is divided by 1332?
155
What is the remainder when 328597 is divided by 1022?
535
What is the remainder when 423534 is divided by 141174?
12
Calculate the remainder when 1357052 is divided by 15.
2
What is the remainder when 23311639 is divided by 137?
130
What is the remainder when 30054 is divided by 14633?
788
What is the remainder when 26399 is divided by 1879?
93
Calculate the remainder when 4482649 is divided by 1494214.
7
What is the remainder when 9025189 is divided by 63?
61
Calculate the remainder when 9724336 is divided by 3241338.
322
What is the remainder when 341765 is divided by 103?
11
What is the remainder when 631124 is divided by 630560?
564
What is the remainder when 4693842 is divided by 1028?
1022
Calculate the remainder when 208706 is divided by 77.
36
Calculate the remainder when 20853506 is divided by 35708.
34
Calculate the remainder when 8698039 is divided by 1478.
9
What is the remainder when 643343 is divided by 260?
103
Calculate the remainder when 75669 is divided by 37742.
185
Calculate the remainder when 238547 is divided by 78708.
2423
Calculate the remainder when 855816 is divided by 19449.
60
What is the remainder when 276126 is divided by 990?
906
What is the remainder when 1062618 is divided by 5036?
22
What is the remainder when 453720 is divided by 896?
344
What is the remainder when 67869 is divided by 6168?
21
What is the remainder when 54825180 is divided by 13706294?
4
What is the remainder when 124716681 is divided by 57?
54
What is the remainder when 2317507 is divided by 234?
205
What is the remainder when 570186 is divided by 190000?
186
Calculate the remainder when 12949 is divided by 47.
24
What is the remainder when 500783 is divided by 250379?
25
Calculate the remainder when 298847 is divided by 139.
136
What is the remainder when 690060 is divided by 689975?
85
Calculate the remainder when 10751742 is divided by 3288.
3270
What is the remainder when 15845463 is divided by 1448?
1447
Calculate the remainder when 4903690 is divided by 1423.
32
What is the remainder when 4473070 is divided by 22254?
16
Calculate the remainder when 2285791 is divided by 1313.
1171
Calculate the remainder when 169022913 is divided by 18.
15
Calculate the remainder when 1396369 is divided by 272.
193
What is the remainder when 7881177 is divided by 29?
21
Calculate the remainder when 27400 is divided by 3281.
1152
What is the remainder when 1595628 is divided by 393?
48
Calculate the remainder when 5896989 is divided by 106.
103
Calculate the remainder when 4354170 is divided by 68.
62
What is the remainder when 471993873 is divided by 20?
13
What is the remainder when 3800 is divided by 467?
64
What is the remainder when 10706149 is divided by 10706140?
9
What is the remainder when 10641665 is divided by 31766?
55
What is the remainder when 28363 is divided by 87?
1
What is the remainder when 80226501 is divided by 2214?
2211
What is the remainder when 296678 is divided by 19770?
128
What is the remainder when 3042630 is divided by 582?
516
What is the remainder when 5960893 is divided by 609?
1
What is the remainder when 1508181 is divided by 173?
140
What is the remainder when 57068247 is divided by 57068244?
3
Calculate the remainder when 975635 is divided by 51290.
1125
Calculate the remainder when 120465 is divided by 312.
33
What is the remainder when 54750776 is divided by 61?
43
What is the remainder when 37863255 is divided by 18931625?
5
Calculate the remainder when 403318315 is divided by 26.
23
Calculate the remainder when 100721 is divided by 8354.
473
What is the remainder when 74998120 is divided by 1664?
1640
What is the remainder when 62400920 is divided by 58?
54
What is the remainder when 5875900 is divided by 69?
67
What is the remainder when 1384277 is divided by 42?
41
Calculate the remainder when 567192 is divided by 43585.
587
Calculate the remainder when 2746210 is divided by 2106.
2092
Calculate the remainder when 1373705 is divided by 71.
68
Calculate the remainder when 67212 is divided by 886.
762
What is the remainder when 2149258 is divided by 118?
6
What is the remainder when 5272014 is divided by 6590?
14
What is the remainder when 21732 is divided by 935?
227
Calculate the remainder when 445761 is divided by 3624.
9
Calculate the remainder when 9175 is divided by 1528.
7
What is the remainder when 64639669 is divided by 446?
443
Calculate the remainder when 92191 is divided by 5423.
0
Calculate the remainder when 1878862 is divided by 626243.
133
Calculate the remainder when 70090 is divided by 2060.
50
Calculate the remainder when 12836981 is divided by 1874.
81
Calculate the remainder when 139009 is divided by 67875.
3259
What is the remainder when 13366038 is divided by 110463?
15
Calculate the remainder when 37886132 is divided by 99.
20
What is the remainder when 2894368 is divided by 2894361?
7
Calculate the remainder when 25863238 is divided by 390.
388
Calculate the remainder when 2637327 is divided by 17.
15
What is the remainder when 36856467 is divided by 2930?
2927
Calculate the remainder when 3356329 is divided by 315.
4
Calculate the remainder when 2489079 is divided by 155565.
39
What is the remainder when 9445406 is divided by 115?
111
Calculate the remainder when 108218 is divided by 4.
2
What is the remainder when 324462 is divided by 23166?
138
Calculate the remainder when 20306 is divided by 69.
20
What